 factors of q(12)?
2, 7
Let c(n) = -2*n**2 - 3*n**3 - 4*n + 4*n**3 + 3*n + 3. What are the prime factors of c(3)?
3
Let h = -35 + 56. List the prime factors of h.
3, 7
Let f = -79 + 41. Let o = -18 - f. Suppose 5*d - 62 + o = -4*c, 0 = 3*d + 2*c - 24. List the prime factors of d.
2, 3
Suppose 5*t = q - 27, 5*q = 4*t - 7*t - 5. Suppose -2 = i - q*v - 39, -2*v = 5*i - 185. List the prime factors of i.
37
Suppose 0 = -k - v + 2, -3*v + 23 = 4*k - 4*v. Suppose 0 = i + k*n - 22, -2*i - 23 = -4*i - 3*n. What are the prime factors of i?
7
Let o(c) be the third derivative of 0*c - 1/60*c**5 + 0 + 4/3*c**3 + 2*c**2 - 3/8*c**4. List the prime factors of o(-8).
2
Let n = 0 - 0. Suppose d - 37 + n = 0. List the prime factors of d.
37
Suppose 4*o = -o - 150. List the prime factors of (0 - o)*24/18.
2, 5
Suppose -2*v + v = 0. Suppose v = 5*j + h - 41, 4*h = -3*j + h + 15. List the prime factors of j.
3
List the prime factors of (-42)/(-3) - 5/(-5).
3, 5
Suppose 0 = -3*u + 1 + 2. Let m = 14 + -11. Suppose m*f - 5*s + 2 + u = 0, 5*s = -2*f + 23. What are the prime factors of f?
2
Let n(y) = -y**3 + 6*y**2 - 4*y - 6. Let b be n(5). Let t(q) be the second derivative of q**4/3 + q. What are the prime factors of t(b)?
2
Let j be (-8)/((0 + 2)*-1). Suppose -j = 5*p + 41. Let x(r) = -r**2 - 11*r - 13. List the prime factors of x(p).
5
Suppose 4*u - 275 = 237. What are the prime factors of u?
2
Let l(t) = t**3 + 11*t**2 + 8*t + 20. What are the prime factors of l(-8)?
2, 37
Suppose h - 2*w = -4*h - 10, 20 = h + 4*w. Suppose -s = -4*d + 16, 2*s - d + 0*d + 4 = 0. Suppose -f + h*f + 5 = s. What are the prime factors of f?
5
Let a be 3 + (-7 - (-2 - 1)). Let w be 5/(-10) - (-10)/4. List the prime factors of 27/(w + a/2).
2, 3
Let x(g) = 6 - 3*g**3 + 10*g - 3*g**3 - 9*g**2 + 5*g**3. List the prime factors of x(-10).
2, 3
Let d(f) = f**2 - 6*f - 9. List the prime factors of d(12).
3, 7
Suppose 2*m + 4*v = -10, 0 = 3*m + 5*v - 6*v - 13. List the prime factors of ((-14)/21)/((-1)/m).
2
Let n = 9 + -22. Let q = n - -20. Let l = q + -5. What are the prime factors of l?
2
Let j be 25/9 - (-2)/9. Suppose i + 7 = 2*d - 1, -12 = -3*d - 5*i. Suppose 5*t + 56 = d*p, 0 = j*p - 0*p - 2*t - 42. List the prime factors of p.
2, 7
Let u(s) = -s**2 + 3*s - 2. Let g be u(-3). Let x be 192/(-60) + 1/5. What are the prime factors of (g/x)/(2/3)?
2, 5
Let q = 101 - -35. List the prime factors of q.
2, 17
Suppose 40 - 12 = i. List the prime factors of i.
2, 7
Suppose -m + 5 + 3 = 0. Suppose -2*t - 18 = -2*q, 3*q = 3*t + 6*q - 3. Let z = m + t. What are the prime factors of z?
2
Suppose 3*b = -b + 184. Suppose -4*j + b = 2*f, 0 = 3*j - 0*j + f - 33. What are the prime factors of j?
2, 5
Let l = 10 + 18. List the prime factors of l.
2, 7
Let u(z) = -z**2 - 6*z + 2. Let b = 3 - 6. Let o be u(b). What are the prime factors of 79/11 + (-2)/o?
7
Suppose -3*p - 3 = -0. Let r be 0/(1/(p - -2)). Suppose -u + 4*u - 2*m - 13 = r, -2 = -4*u - 5*m. What are the prime factors of u?
3
Let r(w) = 9*w**3 + w**2 - 1. Let f be r(2). Let t = -2 - -6. Suppose 0 = -d - t*d + f. List the prime factors of d.
3, 5
Let g = 5 + -2. Suppose 24 = g*x + 6. List the prime factors of x.
2, 3
Suppose 2*h - 6*h - 4*a = -20, -4*h - 3*a = -17. Let b be -1*(-12)/(h + 0). Let l = 12 - b. What are the prime factors of l?
2, 3
Let b(t) = -t**2 + 7*t - 6. Let q be b(4). List the prime factors of q/(-8) + 22/8.
2
Let k(h) = 12*h**2 + 3*h - 1. Let l(t) = t**2 + 7*t - 7. Let b be l(-8). What are the prime factors of k(b)?
2, 7
Let n(w) = -3*w - 4*w**2 + 0 + 4 + 4*w + w**3. What are the prime factors of n(4)?
2
Suppose 0*b = 4*b + 20. Let n = -7 - b. Let j(i) = -6*i. What are the prime factors of j(n)?
2, 3
Suppose -47 = -p + 5*j, -j = 2*p - 4*j - 87. List the prime factors of p.
2, 3, 7
Let i = 10 - 10. Let m = i + 13. What are the prime factors of m?
13
Let i(o) be the third derivative of o**5/60 - o**4/6 - o**3/6 - 5*o**2. List the prime factors of i(5).
2
Let x = 19 - 2. List the prime factors of x.
17
Suppose 0 = 3*l - 3*d - 13 + 1, l + 5*d = 4. Suppose -9*z + 155 = -l*z. What are the prime factors of z?
31
What are the prime factors of ((-244)/8 - 3)/((-2)/4)?
67
Suppose 5*y + k - 42 = 48, 5*y - 3*k = 90. Let x = 11 - y. Let t = x - -15. What are the prime factors of t?
2
Suppose 0 = -2*f + 3*k + 73, -64 = -f - 5*k + k. Let u = -17 + f. List the prime factors of u.
3
Suppose -9*t = -t - 288. What are the prime factors of t?
2, 3
Suppose 4*c - 3*o = -3, -c - 2 = -3*c - 2*o. Suppose -2*g + c + 4 = 2*v, 4*v + 3*g = 9. What are the prime factors of v?
3
Suppose -3*v + 0 + 3 = 0. Let k(i) = 26*i + 1. What are the prime factors of k(v)?
3
Let w(n) = n + 122. What are the prime factors of w(0)?
2, 61
Suppose -4*w = -f - 853, -9*w + 850 = -5*w + 2*f. What are the prime factors of w?
3, 71
Suppose 5*b + 4*n + 112 = 3*n, 3*b = 4*n - 81. Let h = 40 + b. Let z = h - 2. List the prime factors of z.
3, 5
Let z = 23 - 38. Let q = 10 + z. Let w = 10 + q. List the prime factors of w.
5
Suppose 5*i = 13 - 3. Let l be 4 - (-2 + i)/3. Let s = l - 2. List the prime factors of s.
2
Let b = -3 + 3. Suppose 5*x = -b*x. Suppose -d + 2 + 5 = x. List the prime factors of d.
7
Let h(o) = -o**2 + 7*o - 4. Let z be h(6). Suppose 50 = 4*k + 2*f, -z*k + 21 = -5*f + 2. What are the prime factors of k?
2, 3
Let x(q) = 5*q**3 + 2 - q**2 - 2*q**3 + 3*q**2. What are the prime factors of x(2)?
2, 17
Let u = 241 - 159. What are the prime factors of u?
2, 41
Suppose -5*c = -4*w - 12, 2*w - 3*c - 8 = -4*c. What are the prime factors of (11 + 0)*(4 - w)?
2, 11
Suppose 3*l = l + 82. Suppose l = 3*h - 7. What are the prime factors of (-1)/3 - h/(-3)?
5
Let o = 141 - 70. List the prime factors of o.
71
Let i = 40 - -125. What are the prime factors of i?
3, 5, 11
Let x = 131 - 80. Let g = x + -30. List the prime factors of g.
3, 7
Let k(n) = n - 6. Let i be k(8). Suppose 8 = q + i*s, 65 = 4*q + 2*s + 3. What are the prime factors of q?
2, 3
Let v = -172 - -260. Suppose -4*k + z = -88 + 17, -5*k + z = -v. What are the prime factors of k?
17
Let k be 2/(-4)*(1 - 1). Suppose k*n - n - 69 = 3*c, c = -4*n - 12. List the prime factors of ((-6)/(-4))/((-4)/c).
3
Let t(d) = 6*d**2 - 6*d**3 + 6*d + 2*d**3 + 3 + 5*d**3. Let h = 13 - 17. What are the prime factors of t(h)?
11
Let b(q) = 14 + 9*q**2 - 18 + 8*q + 2*q**3 - q**3 + 10. List the prime factors of b(-8).
2, 3
List the prime factors of (0 - -97)/1*1.
97
Suppose 0 = -4*w + 2*w + 60. List the prime factors of w.
2, 3, 5
Let o = -11 - -11. Let d be 2/(1 + 6/(-10)). Suppose 38 = 2*n + d*b - o, 4*b = 16. What are the prime factors of n?
3
Let s = 26 - 18. Let a = s + 42. Suppose 3*y - a = -2*y. What are the prime factors of y?
2, 5
Let w = 1 - 19. Let o = 44 + w. Suppose -3*y + 69 = 5*b + o, -3*b - 3 = 0. What are the prime factors of y?
2
Let k(g) = g + 4. Let n be k(0). Let c be (-2)/n - (-119)/2. Let m = c - 36. List the prime factors of m.
23
Suppose -30 = -5*a + 15. List the prime factors of (3/(-2))/(a/(-300)).
2, 5
Let h be (-45)/(-10)*12/9. Let r = 12 + h. List the prime factors of r.
2, 3
Suppose -1 = g - 3. Suppose 0 = z - g - 20. Suppose -z = -4*o + 3*c, 0 = -c - 2. List the prime factors of o.
2
Suppose 73 + 507 = 4*r. Suppose 0*h + r = 5*h. What are the prime factors of h?
29
Suppose -5*p - 2*t = -321, t + 336 = 4*p + 74. What are the prime factors of p?
5, 13
Let m = 15 - 10. Suppose -3*x + 3*c - m*c + 12 = 0, -3*x + 3*c + 27 = 0. What are the prime factors of x?
2, 3
Let j(g) = -10*g - 41. What are the prime factors of j(-21)?
13
Suppose 5*h - 22 = 3*h. Let k(p) = -4*p**3 + 10 + 10*p**2 - 2 + 3*p**3 + 11*p. List the prime factors of k(h).
2
Suppose -2*u - i + 193 = -104, 592 = 4*u + 4*i. List the prime factors of u.
149
Suppose -3*i - 5*f + 10 = 2*i, 0 = 3*f. Suppose -i*a - a + 15 = 0. Suppose 3*v = a*v - 34. What are the prime factors of v?
17
Suppose -1 = 4*j + 27. Let p = -5 - j. Suppose 15 = p*y - y. What are the prime factors of y?
3, 5
Suppose -5*m + 5 = -5*r, -13 = r - m - 3*m. List the prime factors of r.
3
Let m be (0 + 1)*0 + 1. Let z = 7 - m. What are the prime factors of z?
2, 3
Let f(c) = c**3 - c**2 + 30. Let h be f(0). Let z = h - 15. List the prime factors of z.
3, 5
Suppose -l + 2*l - k = 0, k + 1